late n(-6).
-7
Let b(m) = 17*m - 50. Determine b(0).
-50
Let w(l) = -10*l**2 - 64*l + 7. What is w(-6)?
31
Let b(w) = 2*w**3 - 16*w**2 - 848*w + 21. What is b(-17)?
-13
Let b(o) = o**3 - 29*o**2 - 29*o + 26. Determine b(30).
56
Let l(q) = 2*q**3 - 71*q**2 + 27*q + 274. Determine l(35).
-6
Let i(v) = 3*v**2 - 66*v + 355. Give i(6).
67
Let h(z) = 4*z**3 - 12*z**2 + 21*z + 115. What is h(-2)?
-7
Let x(m) = -m**3 - 5*m**2 + 6*m - 28. What is x(-6)?
-28
Let j(m) = 34*m + 1617. What is j(-48)?
-15
Let s(o) = -o**2 - 427*o + 1746. Determine s(4).
22
Let q(f) = -5*f + 243. What is q(34)?
73
Let j(a) = a**2 - 11*a + 4. What is j(10)?
-6
Let x(o) = o**3 + o**2 - 102*o - 9. Give x(10).
71
Let s(i) = 14*i**2 + 43*i - 83. Give s(2).
59
Let p(q) = -155*q - 1550. Determine p(-10).
0
Let h(f) = 34*f - 184. Calculate h(6).
20
Let j(w) = 164*w**2 - 286*w. Give j(2).
84
Let l(t) = 146*t + 20697. Calculate l(-142).
-35
Let n(r) = 2*r**3 - r**2 - 122*r + 11. Calculate n(8).
-5
Let o(a) = -31*a**2 - 10*a + 2. Determine o(1).
-39
Let r(g) = -4887*g + 29308. What is r(6)?
-14
Let m(i) = -20*i + 696. Determine m(35).
-4
Let q(l) = l**2 - 39*l + 3. Calculate q(39).
3
Let z(l) = -l**3 - 14*l**2 + 125*l + 9. Calculate z(-20).
-91
Let d(q) = 111*q + 6806. What is d(-61)?
35
Let n(i) = i**2 - 27*i - 92. Determine n(-3).
-2
Let z(a) = -a**2 - 51*a - 608. What is z(-17)?
-30
Let d(r) = -47*r - 10. What is d(-3)?
131
Let m(x) = x**3 - 7*x**2 - 2*x - 42. What is m(8)?
6
Let a(o) = 105*o**2 + o - 134. Calculate a(0).
-134
Let i(n) = 1561*n + 12474. What is i(-8)?
-14
Let q(s) = -5029*s - 5058. What is q(-1)?
-29
Let d(z) = -86*z + 3443. Give d(40).
3
Let d(g) = -3*g**2 + 47*g - 20. What is d(16)?
-36
Let k(w) = 19*w**2 + 162*w + 101. Give k(-8).
21
Let i(v) = -v**3 - 107*v**2 - 211*v - 188. Determine i(-105).
-83
Let j(i) = -15*i - 143. Determine j(-9).
-8
Let s(z) = z**2 + 80*z - 273. What is s(3)?
-24
Let n(l) = l**3 + 6*l**2 - 16*l - 21. What is n(-1)?
0
Let p(g) = -2*g**3 - 69*g**2 - 345*g - 1. Give p(-6).
17
Let f(g) = 958*g - 27782. Determine f(29).
0
Let o(w) = -2*w**2 + 791*w - 23587. Determine o(363).
8
Let s(d) = -378*d**2 + 6803*d - 23. Calculate s(18).
-41
Let z(u) = -2*u**3 - 131*u**2 - 195*u - 183. Give z(-64).
9
Let s(m) = 138*m**2 + 963*m - 22. What is s(-7)?
-1
Let v(q) = q**2 - 4*q - 653. Calculate v(-24).
19
Let z(b) = -b**2 - 103*b + 31019. Give z(-235).
-1
Let k(o) = o**3 - 12*o**2 - 8*o + 39. Determine k(14).
319
Let p(d) = 2*d**3 - 78*d**2 - 346*d + 36. Calculate p(43).
-50
Let g(o) = -o**3 - 24*o**2 + 103*o + 2849. Determine g(-23).
-49
Let k(q) = -q**3 - 13*q**2 - 35*q - 120. What is k(-11)?
23
Let l(b) = -111*b + 3995. What is l(36)?
-1
Let c(h) = 10*h**2 - 193*h + 229. Determine c(18).
-5
Let u(b) = -2*b**3 - 35*b**2 + 16*b - 161. Give u(-18).
-125
Let k(f) = -4*f**2 - 49*f + 162. What is k(-19)?
-351
Let l(z) = z**3 - 15*z**2 + 30*z - 31. What is l(12)?
-103
Let c(r) = 6*r**3 + 197*r**2 - 242*r - 142. Give c(-34).
-6
Let t(j) = -j**3 - 8*j**2 + 5*j + 96. What is t(-5)?
-4
Let c(g) = -3*g**3 - 105*g**2 + 21*g + 28. Calculate c(-35).
-707
Let a(u) = -3*u**2 - 8*u + 7. Give a(0).
7
Let i(w) = -w**3 + 21*w**2 - 24*w + 21. Calculate i(20).
-59
Let u(t) = -4*t - 435. Determine u(-7).
-407
Let u(p) = -11*p**2 + 69*p - 50. What is u(6)?
-32
Let t(h) = h**2 - 3428*h + 63. Give t(0).
63
Let c(o) = -o**2 - 8*o + 84. What is c(-14)?
0
Let r(f) = 69*f + 1210. Calculate r(-16).
106
Let c(x) = x**3 + 38*x**2 - 77*x + 129. What is c(-40)?
9
Let b(u) = 3*u**2 - 48*u + 89. What is b(2)?
5
Let b(z) = -46*z - 2485. Calculate b(-54).
-1
Let l(a) = 19*a + 436. Give l(-30).
-134
Let y(o) = 10*o**2 - 311*o - 62. Calculate y(31).
-93
Let u(v) = 4*v**3 - 2*v**2 + 4306*v + 4308. What is u(-1)?
-4
Let x(a) = 2*a**3 - 11*a**2 + 10*a + 1. Calculate x(5).
26
Let p(a) = 45*a - 41. Determine p(2).
49
Let g(q) = 6*q**2 - 11*q - 66. Give g(0).
-66
Let i(q) = -325*q + 2283. Give i(7).
8
Let t(d) = 28*d - 1722. Determine t(59).
-70
Let f(l) = 1023*l + 1014. What is f(-1)?
-9
Let o(w) = w**3 + 5*w**2 - 19*w - 19. Calculate o(-7).
16
Let d(a) = -a**2 - 45*a - 435. What is d(-34)?
-61
Let j(r) = -2*r**3 - 20*r**2 - 3*r - 5. Give j(0).
-5
Let b(y) = -y**3 + 193*y**2 - 2017*y + 177. Calculate b(11).
12
Let d(r) = r**2 - 51*r + 458. Calculate d(25).
-192
Let w(a) = -534*a + 3886. Determine w(8).
-386
Let a(j) = 220*j**2 + 891*j + 25. Calculate a(-4).
-19
Let f(z) = -z**3 + 55*z**2 - 54*z + 4. Calculate f(54).
4
Let u(d) = -2*d**3 - 13*d**2 - 113*d - 267. What is u(-3)?
9
Let h(g) = -32*g + 229. Give h(7).
5
Let z(r) = r**3 - 72*r**2 + 70*r + 68. Give z(71).
-3
Let x(h) = -h**2 + 236*h - 9305. Calculate x(50).
-5
Let r(l) = -682*l - 4624. What is r(-7)?
150
Let z(k) = -371*k - 456. Give z(-1).
-85
Let q(s) = -134*s - 3768. Give q(-28).
-16
Let d(f) = -f**3 - 17*f + 78. Calculate d(3).
0
Let g(d) = -3*d**2 - 62*d - 214. Calculate g(-5).
21
Let t(u) = -4*u**2 + 5*u + 25. Give t(4).
-19
Let g(q) = -10*q**2 + 17*q - 13. Determine g(4).
-105
Let o(c) = -5*c**2 - 258*c - 147. Calculate o(-51).
6
Let t(o) = -o**2 + 5*o - 31. Determine t(11).
-97
Let s(r) = -r**3 + r**2 + 22*r + 16. What is s(-6)?
136
Let x(u) = -u**3 - 29*u**2 - 39*u + 1015. What is x(-26)?
1
Let b(g) = -35156*g + 246087. Calculate b(7).
-5
Let t(j) = 18*j**3 + j**2 - 31*j + 30. Calculate t(1).
18
Let f(a) = 2*a**3 - 22*a**2 - 80*a + 912. What is f(10)?
-88
Let u(x) = -4*x - 35. Determine u(-5).
-15
Let g(k) = 19*k + 290. Calculate g(-22).
-128
Let d(g) = 3*g**3 + 117*g**2 + 585*g - 291. Give d(-33).
6
Let w(o) = o**2 - 82*o + 1589. Calculate w(34).
-43
Let h(j) = 2*j**2 + 211*j + 3540. Give h(-21).
-9
Let i(h) = 34*h - 1486. What is i(37)?
-228
Let f(c) = 3*c**2 + 96*c - 189. Determine f(2).
15
Let f(m) = 11*m**3 + 559*m**2 - 82*m + 993. Give f(-51).
-27
Let x(a) = 35*a + 148. Calculate x(-11).
-237
Let f(n) = n**3 - 3*n**2 - 102*n - 37. Calculate f(12).
35
Let m(j) = 10*j + 95. Give m(-9).
5
Let p(n) = -17*n + 323. What is p(20)?
-17
Let o(d) = -510*d + 6626. What is o(13)?
-4
Let x(o) = -o**2 - 5*o + 67. What is x(14)?
-199
Let j(c) = -21*c**2 + 181*c - 349. Determine j(3).
5
Let p(x) = -110*x + 909. Determine p(8).
29
Let f(g) = -4*g**2 + g + 1. Calculate f(3).
-32
Let k(n) = -n**3 - 4*n**2 + 190*n + 1070. Determine k(-6).
2
Let m(c) = -10*c**2 - 50*c + 120. Give m(-7).
-20
Let l(v) = v**3 - 47*v**2 - 47*v - 42. Give l(48).
6
Let t(q) = 43*q**2 + 10*q + 5. Calculate t(-1).
38
Let h(o) = -213*o + 1475. What is h(7)?
-16
Let d(k) = -9*k**2 - 255*k - 200. Calculate d(-28).
-116
Let g(r) = 91*r - 12. Calculate g(3).
261
Let g(c) = -9*c**3 + 2*c**2 + 13*c + 12. Give g(-1).
10
Let a(k) = k**2 + 496*k - 991. Calculate a(2).
5
Let x(q) = -27*q**2 + 3*q + 372. Calculate x(0).
372
Let o(r) = -46*r - 109. Calculate o(0).
-109
Let z(f) = 1969*f**2 - 9841*f - 12. Calculate z(5).
8
Let v(r) = -r**3 - 22*r**2 + 6*r + 105. Determine v(-22).
-27
Let m(b) = -177*b - 1245. Determine m(-7).
-6
Let t(h) = -100*h - 508. Give t(-5).
-8
Let w(g) = 2*g**3 + 22*g**2 - 4*g + 36. Give w(-11).
80
Let b(a) = 339*a + 1336. Calculate b(-4).
-20
Let d(h) = -h**3 + 6*h**2 + 8*h - 24. Give d(2).
8
Let v(l) = 249*l - 2495. Calculate v(10).
-5
Let m(b) = 20*b**3 - b**2 + 4*b + 8. Give m(-2).
-164
Let k(u) = u**2 - 33*u - 373. Determine k(43).
57
Let j(i) = 3*i**2 - 517*i + 3635. Calculate j(165).
5
Let x(l) = l**3 - 55*l**2 + 56*l + 67. Determine x(54).
175
Let l(c) = 11805*c - 59030. Give l(5).
-5
Let s(k) = -k**3 - 53*k**2 + 229*k - 62. Calculate s(-57).
-119
Let f(i) = i**3 + 33*i**2 + 64*i + 31. Determine f(-31).
-31
Let x(y) = -y**3 - 92*y**2 - 821*y - 7. Determine x(-10).
3
Let r(p) = -p**3 + 55*p**2 - 107*p + 122. What is r(53)?
69
Let m(u) = 8*u**3 + 56*u**2 - 6*u + 6. Calculate m(-7).
48
Let z(t) = -t**3 + 41*t**2 + 182*t + 10. Determine z(-4).
2
Let r(y) = -231*y + 19366. What is r(84)?
-38
Let j(y) = -1489*y - 5945. Calculate j(-4).
11
Let s(k) = 3*k**3 + 28*k**2 - 21*k - 28. What is s(-10)?
-18
Let s(c) = 573*c - 562. What is s(1)?
11
Let x(t) = 94*t + 298. Calculate x(-4).
-78
Let u(m) = -4*m**2 + 5*m + 21. Calculate u(-4).
-63
Let g(m) = 109*m - 2827. What is g(26)?
7
Let g(h) = -h**2 + 5*h + 254. Determine g(19).
-12
Let m(p) = -303*p + 9956. Cal